t a(h) = 3*h**2 + 7*h - 32. Let i be a(5). Let n = i - -3. List the prime factors of n.
3
Suppose -30*t = -9*t - 59598. What are the prime factors of t?
2, 3, 11, 43
Let h = -80 - -726. What are the prime factors of h?
2, 17, 19
Let y(u) = 41*u + 49*u - 107*u. List the prime factors of y(-3).
3, 17
Suppose -121*f + 129*f = 8552. What are the prime factors of f?
1069
Let n(d) = -4*d**2 - 4*d - 3. Let s be n(-1). Let q be 53/s - 22/(-33). Let w = q - -45. List the prime factors of w.
2, 7
Suppose 0 = -0*a + 9*a. What are the prime factors of (7 - a)*((-324)/14)/(-3)?
2, 3
Let s(v) = -3*v**3 - 8*v**2 - 3*v + 3. Let l be s(-3). Suppose -25*y + 584 = -l*y. List the prime factors of y.
2, 73
Suppose -71 - 153 = -4*t. Suppose -2 - t = -2*m. List the prime factors of m.
29
Let q be 11/(1 - 0/(-1)). Let x(h) = -14*h**2 - 15*h - 17. Let y(j) = 25*j**2 + 30*j + 33. Let w(i) = 9*x(i) + 5*y(i). What are the prime factors of w(q)?
2, 7
Let j(x) = x**3 + 17*x**2 - 5*x + 3. List the prime factors of j(-17).
2, 11
Let y(w) = w. Let t(q) = 19*q - 3. Let p(i) = t(i) + 6*y(i). Let b be p(1). List the prime factors of (165/b)/(2/16).
2, 3, 5
Suppose 6*o - 9 = 3*o. Suppose 1 = o*d + 4*n - 3, -3 = -3*d - 3*n. Suppose d*q - q = -4. List the prime factors of q.
2
Let w(a) = -13*a**3 + 6*a + 3. Let o be w(-2). Suppose o = h - 4. What are the prime factors of h?
3, 11
Let d(j) = 8*j + 404. List the prime factors of d(0).
2, 101
Let t(w) = 3*w**3 - 10*w**2 + 3*w - 48. Let g(s) = s**3 - 3*s**2 + s - 16. Let y(l) = -7*g(l) + 2*t(l). List the prime factors of y(0).
2
Let t(s) = -12 + 3 + 3 - 4*s - 9. Let n be t(6). What are the prime factors of (-1437)/n + (-4)/(-26)?
37
Suppose 2*s - 24 = -22. What are the prime factors of ((-42)/(-56))/(s/128)?
2, 3
Suppose -u + 204 = 2*r - 181, 0 = -5*r + 5*u + 940. What are the prime factors of r?
191
Suppose 50622 = 75*p - 42*p. List the prime factors of p.
2, 13, 59
What are the prime factors of 43065/20 + (-35)/28?
2, 269
Let g = 1948 - 749. What are the prime factors of g?
11, 109
Let b(t) = 5*t + 28. Suppose -6*n + 65 = 5. What are the prime factors of b(n)?
2, 3, 13
Suppose 42*b - 6174 = 23310. What are the prime factors of b?
2, 3, 13
Suppose 57*v - 22012 = 38351. List the prime factors of v.
3, 353
Let h(s) = -24*s**2 + 23*s - 68. Let v(c) = 8*c**2 - 8*c + 23. Let w(t) = -6*h(t) - 17*v(t). List the prime factors of w(5).
3, 23
Let j(z) = 172*z**3 + 3*z**2 - 4*z + 2. Suppose 0 = -59*y + 53*y + 6. List the prime factors of j(y).
173
Suppose 4*s - 4023 = -5*u, 3*s = 5*u + 1878 + 1148. What are the prime factors of s?
19, 53
Suppose -2797 = -11*n + 9028. List the prime factors of n.
5, 43
Suppose 465*z - 470*z + 7720 = 0. What are the prime factors of z?
2, 193
Let i(r) = 10 - 15*r**2 + 3*r**2 + 0*r - 5*r**3 - 13 - 5*r. What are the prime factors of i(-4)?
5, 29
Let f be (-344)/(-72) - 2/(-9). Suppose -3*d - 14 = -f*d. Suppose 0 = -d*l + 12*l - 140. What are the prime factors of l?
2, 7
Let g(i) = 2*i**2 + 79*i + 31. What are the prime factors of g(-40)?
71
What are the prime factors of 15/(-35)*-7*13?
3, 13
What are the prime factors of (-6)/8 + (-33945)/(-60)?
5, 113
What are the prime factors of 1/4 + (-754162)/(-376)?
2, 17, 59
Let d(f) be the first derivative of -f**3/3 - f**2/2 + 10*f - 4. What are the prime factors of d(-3)?
2
Let u(c) = -47*c + 47. What are the prime factors of u(-23)?
2, 3, 47
Suppose 4*h - 7 = -3*m, 4*m + 2*h + 2*h - 4 = 0. Let o be (-3)/(m + (-36)/(-8)). List the prime factors of 11/(o + (-28)/(-12)).
3, 11
Suppose 3*d - b = 1682, 3*d = -4*b + 1103 + 554. What are the prime factors of d?
13, 43
List the prime factors of (-5 - 1043/(-3)) + 4/(-6).
2, 3, 19
Let a = -7 + 9. Suppose -2*w + 4*j + 64 = 0, -j = -5*w - a*j + 138. List the prime factors of w.
2, 7
Let a(d) = 15*d**2 + 5*d - 19. Let z(c) = 7*c**2 + 3*c - 9. Let w(s) = 6*a(s) - 13*z(s). Suppose -q - 3*q = 36. List the prime factors of w(q).
3
Let k be 22608/40 + (-1)/5. Let d = k + -234. List the prime factors of d.
331
Let y(q) = -157*q + 23. List the prime factors of y(-2).
337
Let d = -23 - -38. Let l = d - 13. Suppose k = 4 + l. List the prime factors of k.
2, 3
Let j(f) = 7*f**3 - 19*f**2 - 27*f + 53. Let v(g) = 10*g**3 - 29*g**2 - 40*g + 79. Let l(m) = -7*j(m) + 5*v(m). List the prime factors of l(13).
2, 5
Let j(g) = 29*g + 3 - 5 + 8. What are the prime factors of j(3)?
3, 31
Let h = 1970 - 838. What are the prime factors of h?
2, 283
Suppose 0 = q + 4*i - 31, q - i - 1 = i. List the prime factors of (-2)/q + 5394/22.
5, 7
Let z = -451 + 876. What are the prime factors of z?
5, 17
Let a(p) = -11*p + 5. Let y(o) = -7 - 2*o + 13*o + 3. Let i(j) = -5*a(j) - 6*y(j). What are the prime factors of i(-3)?
2
Let t(y) = 85*y**2 + 19*y - 4. List the prime factors of t(-4).
2, 5
Suppose 5*s - 28 = -8. Let c(b) = -b**2 + 4*b + 2. Let i be c(s). Suppose 4*h = 4*t - 0 - 8, -i*h + 10 = 0. List the prime factors of t.
7
Suppose -20*i = -18740 - 33960. What are the prime factors of i?
5, 17, 31
Let y be (-1)/(0 - 4/12). Let g = y - -7. List the prime factors of g.
2, 5
Let k(g) = g - 1. Let b be k(5). Suppose 2*y = b*y. List the prime factors of y + 6*2 + 1.
13
What are the prime factors of 522 - ((-6)/10)/((-16)/(-80))?
3, 5, 7
Suppose -2 = -2*d + 4. Suppose -3*q = 5*p - 157, -d*q - 4*p = 2*q - 240. Suppose -3*n = -5*b + q - 14, 2*b - 33 = -3*n. What are the prime factors of b?
3
Suppose 11 = -2*p + 35. Suppose -p*z + 11*z + 64 = 0. List the prime factors of z.
2
Suppose -4*h + 20956 = k, 19*k = 15*k. What are the prime factors of h?
13, 31
Let z(g) = -g**3 + g**2 - 3*g + 2056. What are the prime factors of z(0)?
2, 257
Suppose 0 = 5*y - 3 - 22, 9388 = 4*v - 4*y. What are the prime factors of v?
2, 3, 7
Let h(c) = -c**2 - 2*c + 1. Let w be h(1). Let x be -3 - 1 - (w - -3). What are the prime factors of 2/x + (-574)/(-10)?
3, 19
Suppose -5*j = -1 - 9. Suppose j*f + 11 = 17. List the prime factors of ((-6)/(-18))/(f/171).
19
Let j(u) = 2*u**2 - 17*u + 30. Suppose -34 = -2*n + 4*x - 7*x, 5*x - 52 = -3*n. List the prime factors of j(n).
2, 23
Let d = -199 + 130. Let r = -33 - d. What are the prime factors of r?
2, 3
Let i be (-334)/22 + (-10)/55*-1. List the prime factors of 85*(-2)/i*(3 + 0).
2, 17
Suppose 33 = -5*b + 3. Let a be (b/15)/(1/40). Let n = -3 - a. List the prime factors of n.
13
Let r(d) = -8*d**2 + 321*d + 19. What are the prime factors of r(29)?
2, 5, 13
Suppose 0 = -5*x + 40 + 55. Let g = x + -14. What are the prime factors of g?
5
Let w be (6/5)/((-15)/(-25)). What are the prime factors of ((50/(-3))/(-2))/(w/6)?
5
Let l = 2606 + 2543. What are the prime factors of l?
19, 271
Let v = 25 + -29. Let d(n) = 3*n**2 + 10*n + 1. Let a be d(v). Suppose 3*p - a = 9. What are the prime factors of p?
2, 3
Let c(b) = -b - 6. Let x be c(-6). Suppose 4*v + 3 = 5*w, x = -5*v + 4*w + 3. Suppose 8*k = v*k, -3*j = 4*k - 48. List the prime factors of j.
2
Let t be 46/(45/35 + -1). Suppose h + 0 = t. List the prime factors of h.
7, 23
Let u = 33 + -55. Let f = 27 + u. Suppose f*r - 254 + 24 = 0. List the prime factors of r.
2, 23
Let j(p) = -p**2 - 18*p - 14. Let d(q) = q - 1. Suppose -5*t + 8 + 7 = 0. Let a(i) = t*d(i) + j(i). List the prime factors of a(-7).
3, 13
Suppose 6*v - 83 = 5*v. Suppose -2*w = 2*m - v - 11, 5*w + 15 = 0. What are the prime factors of m?
2, 5
Suppose 5*n - 415 - 105 = 0. Let m = n + -74. Let o = m + 10. What are the prime factors of o?
2, 5
Suppose 9*d = 15*d + 270. Let z = d - -57. What are the prime factors of z?
2, 3
Suppose -a + 7 = -o + 4*o, -4*o = a - 9. Suppose 4*x + 3*y - 33 = 0, o*x + 12 = -y + 31. What are the prime factors of x?
2, 3
Suppose 14*r = 11*r - 54. Let h = -2 + 6. List the prime factors of h/r - 182/(-9).
2, 5
What are the prime factors of (-7)/2*(-152)/14?
2, 19
Let p(m) = 543*m - 377. What are the prime factors of p(10)?
31, 163
Let j = 3213 + -183. What are the prime factors of j?
2, 3, 5, 101
Let q = 4 + -37. Let k = q + 42. What are the prime factors of k?
3
Let k(z) = 8*z**2 - 15*z - 53. List the prime factors of k(-14).
3, 5, 23
Suppose 1441 - 491 = 5*b. Suppose 6*j - 50 = b. What are the prime factors of j/7 - 2/(-7)?
2, 3
Suppose 0 = -g - i - 1 - 0, 3*g = -5*i + 7. Let a be (-4)/g + (-12)/(-9). Suppos